 -1 a composite number?
True
Suppose 2*d - 2*i = 2, 3*d = -8*i + 3*i - 29. Let v(j) = 102*j**2 + 3*j + 10. Is v(d) a composite number?
False
Let f = -4866 + 102289. Is f a composite number?
False
Let b(j) = -j**3 + j**2 + j. Let z(r) = -5*r**3 + 12*r**2 - r + 23. Let h(v) = 3*b(v) - z(v). Is h(10) prime?
True
Let x be (0 - -1) + 11 + 4. Suppose -4*n - 1 = -5*k - 31, 4*n - x = -2*k. Is ((-631)/k)/(1/2) a prime number?
True
Let h(o) = 27*o**3 + 2*o**2 - 7*o + 7. Is h(4) prime?
False
Let a = 24414 - 14512. Is a a prime number?
False
Let l(w) = -247*w + 6. Is l(-5) composite?
True
Let z(f) = f**3 - 7*f**2 - 6*f + 4. Let k be z(6). Let l = k - -180. Let u = 169 - l. Is u a composite number?
True
Suppose 3674 + 6674 = 13*f. Let u = -102 + f. Is u composite?
True
Let t be 1 - 4 - 8/(-4). Let j be -12*-2*t/(-8). Let r(q) = 19*q**3 - 4*q**2 + q - 1. Is r(j) prime?
True
Let m(a) = 11*a**2 + 16*a - 13. Let v(n) = -9*n - 21*n**2 + 27 - 26*n + 4*n. Let u(h) = 5*m(h) + 2*v(h). Is u(-8) composite?
False
Let x be (0 + -1)/((-1)/6). Let v be ((-4)/3)/(x/(-2637)). Suppose 0*s - 2*s + v = 0. Is s a prime number?
True
Suppose -2340 = 4*p - p. Let j = 1363 + p. Is j a prime number?
False
Let t(u) = u**2 + 6*u - 4. Let g be t(-7). Suppose w - 2 = g. Let x = -3 + w. Is x composite?
False
Suppose -14*w + 9*w = -4*b + 134395, -b - 2*w = -33589. Is b prime?
False
Let y = 391 - -347. Suppose 0 = q - y - 847. Is q prime?
False
Suppose 5*g - 8349 - 27304 = 2*h, 21367 = 3*g + 5*h. Is g prime?
True
Let p(c) = 2*c**2 - 2*c + 197. Is p(-31) a prime number?
False
Is (6/8)/((-36)/(-55248)) a composite number?
False
Let j be (-38754)/(-30)*(4 - -1). Is (-3)/((-25845)/j - -4) composite?
False
Let l(f) be the second derivative of 7*f**4/2 - 2*f**3/3 + 9*f**2/2 + 20*f. Is l(5) a prime number?
True
Let k(z) = -842*z - 362. Is k(-8) prime?
False
Let w = 265 - 106. Let z = -58 + w. Let s = z - 36. Is s composite?
True
Let b(f) = -18*f**2 + 2*f + 1. Let d be b(-1). Let w = -17 - d. Suppose 2*n = k - 691, -n = w*k + n - 1364. Is k a composite number?
True
Let i = 4182 - 453. Suppose 0 = -2*k + 3 + 3, -5*c = -2*k - i. Suppose -2*h + c = h. Is h a prime number?
False
Let f(y) = 470*y - 1. Let l = -41 - -42. Is f(l) composite?
True
Suppose -2*r = 10*u - 5*u - 1506, -5*r + 3707 = -2*u. Is r composite?
False
Let c = 85 + -85. Suppose c*d + 9910 = 10*d. Is d a composite number?
False
Let j be (-13)/(-2) - (-15)/30. Suppose -3*z - 4196 = -j*z. Is z a composite number?
False
Suppose 0 = x + 5*u - 27, -31 = -5*x - u + 2*u. Suppose x*d = d + 462. Is d prime?
False
Let y(v) = 2*v - 11. Let z be y(8). Suppose -z*u = 23 + 2. Let a(b) = -12*b + 7. Is a(u) a composite number?
False
Let f = 14930 - 10663. Is f composite?
True
Let b be (1/3)/((-6)/(-55782)). Let i = b - 1396. Is i composite?
True
Let m(j) = 430*j**2 - 3*j + 2. Is m(3) a composite number?
False
Let s(f) = f**3 - 19*f**2 + 4*f + 20. Let g be s(18). Is ((-17)/2)/(4/g*1) a composite number?
True
Suppose -o = -c + 4, -4*o = -0*o - 5*c + 21. Is (40/(-16))/(o/(-58)) a composite number?
True
Let w = 17 + -14. Let f = -5 - -41. Is 2*w/6 + f prime?
True
Let x be 1 - (2/4)/(14/28). Suppose x = -5*r + 3*l + 12043, -3*r + 8*l - 3*l = -7213. Is r prime?
True
Let u(a) = 9*a**2 + 3*a + 247. Is u(-28) a prime number?
True
Is (417836/6)/(90/135) a prime number?
True
Let y = -1532 - -3594. Is y composite?
True
Suppose 3*a + 781 = 2*g - 4155, -4*g = 5*a + 8234. Let u = 2715 + a. Is u a prime number?
True
Suppose -3*c + 15 = 0, -2*f + 5*c + 19740 + 2857 = 0. Is f prime?
True
Suppose -2*a = -5*f + 4096, -a - 2 = 1. Is f a prime number?
False
Let g = 6777 - 2650. Is g a composite number?
False
Let a be (8 - 0) + (-1)/2*-6. Suppose -a*h = -13*h + 244. Is h composite?
True
Let h(b) be the second derivative of 1/3*b**3 + 1/20*b**5 + 0 - 8*b + 2/3*b**4 - 13/2*b**2. Is h(-7) composite?
True
Let p(v) = 58*v**2 - 2*v - 8. Let x(d) = 695*d**2 - 25*d - 95. Let l(u) = -35*p(u) + 3*x(u). Let z be -1*2 - (-6 - -8). Is l(z) a prime number?
False
Is ((-2)/(-6))/(2/(-30)) + 3300 composite?
True
Let a(q) = 0*q - 91*q - 19 - 629*q. Is a(-4) prime?
True
Suppose -4*f + 12 = -2*j, 0*f + 3*f = -2*j + 9. Suppose 2*l = -3*c + 4513, 7*l - f*c - 6732 = 4*l. Is l a prime number?
False
Suppose -35 = -5*p + 5*m, 5*p - 2*m = m + 41. Let h be p/35 + 1993/7. Let z = h + -198. Is z composite?
True
Suppose -24*w + 10818 = -21*w. Suppose -2*d = -3*d + 5*b + 889, 4*d + 5*b = w. Is d a prime number?
False
Let n(x) = 3*x**2 + 2*x - 3. Suppose 6 = -m - 22. Let y be (m/7)/(-1 - 0). Is n(y) prime?
True
Suppose -9*v + 7*v + 276 = 0. Let k be (v/(-8))/((-18)/48). Suppose k = n - 115. Is n composite?
True
Suppose -3*b + 22 = b + 2*d, -5*d = -2*b - 19. Suppose b*o + 0*n - n - 363 = 0, 0 = 4*o + 2*n - 494. Is o prime?
False
Let t = 44135 - 8200. Is t composite?
True
Let n(w) = -129*w - 20. Is n(-3) a prime number?
True
Suppose -10*g + 61212 = -22658. Is g prime?
True
Is (1 - -3081) + -8 - 1 a composite number?
True
Let w(b) = 9 - 2*b - 1 + b. Let l be w(5). Let a(x) = 83*x + 4. Is a(l) composite?
True
Let k be 1/2*-10 - -11630. Suppose 0 = -8*d + 2351 + k. Is d a prime number?
True
Let y(v) = -606*v**3 + 2*v**2 + 5*v + 8. Is y(-3) prime?
False
Let m be 6*2/4 - -1. Suppose -m*q + 12 = 2*q. Suppose -g + 37 = 7*j - 3*j, 5*j = q*g + 43. Is j composite?
True
Let b(c) = 158*c + 7. Suppose a = d - 7, 5*d = 2*d - 5*a + 21. Suppose z - i = 1, -z - i = -d - 4. Is b(z) a prime number?
False
Let l = 482 - 1012. Let c = 2295 + l. Is c prime?
False
Suppose 4*h + 3*b - 32 = -b, -2*b + 4 = -2*h. Suppose -5*z + f = -3842, -h*f + f + 6 = 0. Is z a composite number?
False
Suppose -97 + 1342 = -5*q. Let t = q + 536. Is t prime?
False
Suppose -3*s + 4 = 5*o - 2, 3*o + 5*s = 10. Suppose -r = 5*m - 747, -3*r - 6*m + 2*m + 2219 = o. Is r composite?
True
Suppose -4*n + 490 - 1766 = 0. Let u = 52 - n. Let x = u - 78. Is x prime?
True
Suppose -15*s + 14*s = -40. Let r = 479 + s. Is r composite?
True
Suppose -3*i + c + 2285 = -0*i, -5*c = 5*i - 3815. Is (i/(-10))/(10/(-50)) a composite number?
True
Suppose 20022 = 3*b - 11487. Suppose -m + 6305 = 3*h, -m = h - 6*h + b. Is h a prime number?
False
Suppose 4*m = 2*n - 316, -4*m + 5*n - 324 = n. Is (-4)/14 + (-19503)/m composite?
True
Suppose 9406 + 2008 = 13*k. Is k prime?
False
Suppose -12*d + 4975 = -7*d. Is d a composite number?
True
Let t = 9 - 13. Let b be ((-47)/t - 3)*4. Suppose -b = -j + 4*u, -42 = -0*j - 2*j + u. Is j a composite number?
False
Suppose 0 = 3*b + 3*o - 19 - 143, 0 = 3*b + o - 168. Suppose q = b - 694. Let r = -180 - q. Is r a composite number?
False
Let g = -22 - -26. Let o(n) = 4 - 3*n**2 - 3 - n**3 - 10*n - g. Is o(-8) a composite number?
False
Suppose -84*r + 81*r + 51861 = 0. Is r a prime number?
False
Suppose 0 = 3*j + 4*b - 0*b, 4*j = 3*b. Suppose 0*c - 4*c - 3*g + 1478 = j, 6 = -3*g. Is c prime?
False
Suppose 0 = -13*w - 19*w + 169952. Is w a composite number?
True
Let k be (15/(-5) - -13)*2. Let x = k - -86. Is x composite?
True
Suppose -3*v - 6 = 0, u - 1 + 0 = -2*v. Suppose u*j + 5*h + 0 = 5, 5*h + 15 = 0. Suppose -j*f + 2*f = -28. Is f composite?
True
Let y(h) = 11*h - 2*h + 25*h + 20. Is y(11) composite?
True
Let n = 1441 - -137. Suppose 8*q = n - 274. Is q a composite number?
False
Let i(w) = -332*w - 1. Let s be i(2). Let f = -92 - s. Is f prime?
False
Let f be (15/6)/(4/(-8)). Is -1585*(3/f)/3 prime?
True
Suppose 0*o - 72 = 6*o. Is (-717)/(-13) + o/78 composite?
True
Suppose y - 3*c + 2*c = 1126, -15 = -5*c. Let q = -716 + y. Is q composite?
True
Let k = 8 - -168. Suppose -19 = -3*b + k. Is b a prime number?
False
Suppose -1172 = -d - 3*r - 2*r, 4*d - 3*r = 4757. Is d composite?
False
Let o(h) = 7*h**2 + 3*h - 2. Let m be o(2). Suppose 0 = 5*i + 6*c - c + 5, 0 = -3*i + 4*c + m. Suppose 7*w - 129 = i*w. Is w a prime number?
True
Let d(v) = -188*v + 5*v**2 + 65*v + 66*v + 59*v - 1. Let t = 16 - 10. Is d(t) prime?
True
Let t = 48 + -50. Is 60/1 - 3/(1 - t) composite?
False
Let s(z) = z**2 + 10*z + 9. Let t(r) = r**2 - r - 7. Let d be t(0). Let m be s(d). Is (-45)/(-2)*m/(-18) a composite number?
True
Suppose -12*t + 10*t + 4406 = 0. Is t prime?
True
Let i = -4 - -10. Let z be i*-659*9/(-18). Suppose -468 + z = 3*b. Is b a composite number?
Fal